n base 16, what is -89c70 + -41?
-89cb1
In base 2, what is 10111111 - 1100101001111101?
-1100100110111110
In base 3, what is -21122211020 - 11202?
-21122222222
In base 16, what is 3 + 782300c?
782300f
In base 10, what is 1058972 + 90?
1059062
In base 2, what is -101010001101 - 10000111101?
-111011001010
In base 3, what is -2202000021122 + 22200?
-2201222221222
In base 6, what is 125200 - 53425?
31331
In base 7, what is 12323 - 4131?
5162
In base 14, what is -b93 + 174?
-a1d
In base 9, what is 312 - -357728?
358141
In base 14, what is 1 - -121412cd?
121412d0
In base 2, what is -10010111111 - -1001101000001100?
1001010101001101
In base 3, what is 101222000212 - -21001?
101222021220
In base 16, what is 6b5f26 - -19?
6b5f3f
In base 12, what is -746b5046 + -7?
-746b5051
In base 13, what is -66 + -262a6?
-2633c
In base 2, what is 0 - -11111011101011000?
11111011101011000
In base 11, what is -10 + -1a89559?
-1a89569
In base 10, what is 5 + -6522244?
-6522239
In base 14, what is 682b8 - -104?
683bc
In base 11, what is -1a06265 + 110?
-1a06155
In base 7, what is 264 - 63206?
-62612
In base 4, what is 10 - -221323313233?
221323313303
In base 13, what is 21885 - -c3?
21978
In base 4, what is 1322022111 + 21?
1322022132
In base 16, what is -6e368 - 27c?
-6e5e4
In base 5, what is -1004443023 + -23?
-1004443101
In base 2, what is -1 - 101011101011001000000011?
-101011101011001000000100
In base 15, what is -3a30ecc - 2?
-3a30ece
In base 6, what is -1042 + -355131?
-400213
In base 14, what is 0 + d374312?
d374312
In base 9, what is 1 + 8048285?
8048286
In base 7, what is 122230410 + -22?
122230355
In base 5, what is 311314440443 + -3?
311314440440
In base 5, what is -1113433 + -11200?
-1130133
In base 5, what is 1221001 - 431303?
234143
In base 12, what is -316 + -123aa9?
-124203
In base 5, what is 1 - -142002431114?
142002431120
In base 2, what is 1001111010001110 - 111101010?
1001110010100100
In base 3, what is 102 - -12120201222211?
12120202000020
In base 5, what is 4 + 2413110?
2413114
In base 10, what is 603206809 - 3?
603206806
In base 3, what is -2210221 + -2102020?
-12020011
In base 10, what is -4384028 - 3?
-4384031
In base 8, what is -345547735 - -3?
-345547732
In base 7, what is 1151600224 + 3?
1151600230
In base 16, what is 3db9d9 - 3?
3db9d6
In base 11, what is 40862 + 66a?
41421
In base 9, what is -82562745 - -8?
-82562736
In base 2, what is -10100000011000110101 - 11110100?
-10100000011100101001
In base 2, what is 101111100111 + 10010100101010?
11000100010001
In base 8, what is -103 + 673324?
673221
In base 13, what is 84011c + -8?
840114
In base 15, what is 0 + -a41e79?
-a41e79
In base 9, what is -15864060 + -2?
-15864062
In base 3, what is -220201022020 - -21210?
-220201000110
In base 8, what is -66267 - -34?
-66233
In base 11, what is -44693942 - 2?
-44693944
In base 9, what is -20123 - 2748?
-22872
In base 14, what is -442c7ba - 6?
-442c7c2
In base 3, what is -200200021011 - -11?
-200200021000
In base 14, what is -4a + -c2c496?
-c2c502
In base 2, what is -110000110001001011000 + -10000111?
-110000110001011011111
In base 3, what is 21022021 - 120020?
20202001
In base 8, what is 4105135 + -137?
4104776
In base 2, what is -10001100101010111 + 11100010?
-10001100001110101
In base 11, what is -30023 + -5538?
-35560
In base 4, what is 2 + -13303032231312?
-13303032231310
In base 16, what is 26921b9 - 4?
26921b5
In base 9, what is 2244 - -30811?
33155
In base 15, what is 3b779301 - -3?
3b779304
In base 10, what is -677 - -325352?
324675
In base 5, what is -20 - -12414303?
12414233
In base 7, what is 22100 - -1124225?
1146325
In base 15, what is 230 - 1873?
-1643
In base 11, what is -29 + 312475?
312447
In base 4, what is 231010 + 100300?
331310
In base 9, what is 17873 - 202?
17671
In base 3, what is -2211010112201100 + -2?
-2211010112201102
In base 9, what is -67738502 - 8?
-67738511
In base 12, what is 471b83 + -1?
471b82
In base 8, what is 751 - 4336134?
-4335163
In base 6, what is 2320540 + -12?
2320524
In base 4, what is -30 - 211302211320?
-211302212010
In base 4, what is 33102331321130 + -1?
33102331321123
In base 9, what is 0 - 15878403?
-15878403
In base 13, what is 150a1 + 210?
152b1
In base 10, what is -4 - 181403383?
-181403387
In base 8, what is 14 - 66304?
-66270
In base 8, what is -20627517 + 47?
-20627450
In base 3, what is -1211112221 - -2002?
-1211110212
In base 8, what is 1336327150 + 5?
1336327155
In base 4, what is 220232 + -1000221?
-113323
In base 14, what is -c57a61 + 3?
-c57a5c
In base 8, what is -10 + 11376443?
11376433
In base 5, what is -2 + -422110320422?
-422110320424
In base 12, what is 173a1a91 - 3?
173a1a8a
In base 6, what is -100431450052 + -3?
-100431450055
In base 11, what is -456 + -8044?
-849a
In base 2, what is -1011000010101000011110000 - -11?
-1011000010101000011101101
In base 12, what is 9 + a0a84?
a0a91
In base 3, what is 221102201 - -1210222?
1000020200
In base 6, what is 3050323 - -1403?
3052130
In base 4, what is 3121010320132 + -10?
3121010320122
In base 5, what is 2414 - 144234?
-141320
In base 15, what is bea + -1aea?
-e00
In base 9, what is 14541311 + -2?
14541308
In base 10, what is 174004 - -98?
174102
In base 9, what is -134240 + -5?
-134245
In base 5, what is 11013141 + -100323?
10412313
In base 13, what is 1049a78 + 1b?
1049a96
In base 11, what is -79 + 156310?
156242
In base 6, what is -4505430100 - -4?
-4505430052
In base 6, what is 1404 - 141353?
-135545
In base 14, what is 1bdd12d7 + -4?
1bdd12d3
In base 2, what is 1001100000 + 11000100011?
100010000011
In base 8, what is 420341 - -63?
420424
In base 16, what is -b708 + -73?
-b77b
In base 15, what is -8c - 100cb8?
-100d55
In base 10, what is -1421 - -4742?
3321
In base 3, what is 111222 - 11222211201?
-11222022202
In base 6, what is 44 - 1340421151?
-1340421103
In base 16, what is -4 + 382e1fe?
382e1fa
In base 8, what is 4 + 66516567?
66516573
In base 15, what is 4e95e330 - 1?
4e95e32e
In base 6, what is 42131025 + -51?
42130534
In base 3, what is 11 + 1121110022122022?
1121110022122110
In base 12, what is -6 + -1b6892?
-1b6898
In base 15, what is -264d + ead?
-1690
In base 2, what is -1100 + 111100111010000000110010?
111100111010000000100110
In base 12, what is 54b285 - -15?
54b29a
In base 2, what is 1001010 + -1100100001000?
-1100010111110
In base 2, what is -111 - -10001100101000001011?
10001100101000000100
In base 6, what is 13 + -34553524?
-34553511
In base 14, what is a0 + -a7b6?
-a716
In base 16, what is 5d3f + 3103?
8e42
In base 15, what is 16ed0c + 2?
16ed0e
In base 7, what is -334031 + -5633?
-342664
In base 4, what is 3222310101 + 10?
3222310111
In base 7, what is -244661332 + -142?
-244661504
In base 11, what is 370 - 8356?
-7a96
In base 3, what is -10 - 11220122212020?
-11220122212100
In base 2, what is 10010101110 - 10110101011110?
-10100010110000
In base 9, what is 23233713 - 4?
23233708
In base 10, what is -349419 - -648?
-348771
In base 14, what is 35279 + -24?
35255
In base 12, what is -456b64 + 36?
-456b2a
In base 9, what is 3 + 128181?
128184
In base 6, what is -5342052220 - 15?
-5342052235
In base 5, what is 132130 - -123?
132303
In base 11, what is 1789 + 4095?
5873
In base 5, what is -1021 + 232113222?
232112201
In base 7, what is -52652 + 561?
-52061
In base 11, what is -16 - 120a6?
-12111
In base 14, what is ac26 + -100d?
9c17
In base 9, what is 2518331 + -164?
2518156
In base 2, what is -101 - 1111000110010110100111000?
-1111000110010110100111101
In base 9, what is -1463762 + -13?
-1463775
In base 12, what is 1a547152 - 3?
1a54714b
In base 14, what is -5 + -143870?
-143875
In base 14, what is c559c4 + -8?
c559ba
In base 9, what is 25626 + -10564?
15052
In base 14, what is 315a5d - 8?
315a55
In base 6, what is 124454 - 1352310?
-1223412
In base 15, what is -7515e44 - 1?
-7515e45
In base 5, what is -4022312 + 104033?
-3413224
In base 3, what is 1201102 - 1000122021?
-221220212
In base 3, what is 2110201 + 100220220?
110101121
In base 15, what is -9d - 271de?
-2728c
In base 5, what is 4331013 - 144003?
4132010
In base 4, what is 101 - -121021030310?
121021031011
In base 5, what is -3 + -1023201110?
-1023201113
In base 12, what is -124 + 72bb?
7197
In base 12, what is -406a - -222?
-3a48
In base 8, what is -456 +